f 910?
True
Is 48 a factor of 15600?
True
Does 36 divide 612?
True
Is 36 a factor of 6929?
False
Is 8673 a multiple of 5?
False
Does 12 divide 389?
False
Is 8 a factor of 26072?
True
Is 8684 a multiple of 167?
True
Is 42 a factor of 1764?
True
Does 79 divide 46629?
False
Is 22232 a multiple of 135?
False
Is 24 a factor of 321?
False
Does 16 divide 1568?
True
Is 11 a factor of 792?
True
Is 2280 a multiple of 3?
True
Is 6396 a multiple of 13?
True
Does 5 divide 247?
False
Is 32 a factor of 1584?
False
Does 2 divide 59?
False
Does 9 divide 37908?
True
Does 28 divide 4424?
True
Is 722 a multiple of 38?
True
Does 19 divide 646?
True
Is 78 a factor of 7775?
False
Is 27 a factor of 1971?
True
Is 79 a factor of 1106?
True
Is 612 a multiple of 7?
False
Is 11388 a multiple of 13?
True
Is 677 even?
False
Does 100 divide 7100?
True
Is 475 a multiple of 6?
False
Is 55 a factor of 19815?
False
Does 25 divide 100?
True
Is 10478 a multiple of 31?
True
Is 945 a multiple of 21?
True
Is 41 a factor of 44034?
True
Does 5 divide 15312?
False
Does 16 divide 251?
False
Is 147 a multiple of 7?
True
Does 7 divide 209?
False
Is 30 a factor of 2370?
True
Does 5 divide 250?
True
Does 33 divide 16229?
False
Does 10 divide 110970?
True
Is 304 a multiple of 3?
False
Is 5211 a multiple of 27?
True
Does 44 divide 3036?
True
Is 31 a factor of 15748?
True
Is 7 a factor of 403?
False
Is 176 a factor of 31856?
True
Is 26 a factor of 1222?
True
Does 82 divide 1558?
True
Is 6993 a multiple of 63?
True
Does 17 divide 1122?
True
Is 25359 a multiple of 321?
True
Is 25 a factor of 46875?
True
Is 61 a factor of 80093?
True
Is 27 a factor of 894?
False
Is 80 a factor of 370?
False
Does 25 divide 2775?
True
Is 36572 a multiple of 18?
False
Does 40 divide 760?
True
Is 3634 a multiple of 9?
False
Is 6696 a multiple of 62?
True
Is 306 a multiple of 73?
False
Does 10 divide 186?
False
Is 31974 a multiple of 12?
False
Does 3 divide 1268?
False
Is 12266 even?
True
Is 9 a factor of 3810?
False
Is 17255 a multiple of 35?
True
Is 756 a multiple of 36?
True
Is 16 a factor of 214?
False
Is 6 a factor of 2124?
True
Does 27 divide 4887?
True
Is 131 a factor of 3091?
False
Is 4597 a multiple of 76?
False
Does 12 divide 480?
True
Does 17 divide 9680?
False
Does 11 divide 989?
False
Is 27 a factor of 294?
False
Does 43 divide 1264?
False
Is 15635 a multiple of 57?
False
Is 15229 a multiple of 7?
False
Does 4 divide 2468?
True
Is 10 a factor of 490?
True
Is 19 a factor of 1423?
False
Is 53 a factor of 2438?
True
Does 10 divide 222?
False
Is 2 a factor of 196?
True
Is 9 a factor of 846?
True
Does 65 divide 2816?
False
Is 30 a factor of 3510?
True
Is 4429 a multiple of 23?
False
Is 1869 a multiple of 6?
False
Is 14 a factor of 1178?
False
Does 13 divide 416?
True
Is 39 a factor of 20826?
True
Is 243 a factor of 113012?
False
Does 83 divide 9379?
True
Is 15899 a multiple of 21?
False
Is 607 a multiple of 13?
False
Is 43 a factor of 22489?
True
Is 29 a factor of 1943?
True
Is 8 a factor of 14904?
True
Does 12 divide 483?
False
Is 2069 a multiple of 9?
False
Is 14 a factor of 11424?
True
Does 7 divide 8687?
True
Does 23 divide 812?
False
Is 34 a factor of 72?
False
Is 1309 a multiple of 11?
True
Is 2775 a multiple of 25?
True
Is 5 a factor of 110?
True
Is 3183 a multiple of 25?
False
Is 113 a factor of 10402?
False
Does 44 divide 17820?
True
Is 3 a factor of 122?
False
Is 67 a factor of 1340?
True
Is 1094 a multiple of 6?
False
Is 130 a factor of 11092?
False
Is 38141 a multiple of 30?
False
Is 622 a multiple of 12?
False
Does 75 divide 13650?
True
Is 16 a factor of 896?
True
Does 108 divide 13176?
True
Does 27 divide 1753?
False
Is 1698 a multiple of 8?
False
Is 3760 a multiple of 17?
False
Does 120 divide 84960?
True
Is 3186 a multiple of 6?
True
Does 82 divide 62605?
False
Is 3 a factor of 182?
False
Is 49 a factor of 16023?
True
Is 298 a factor of 28310?
True
Does 35 divide 14070?
True
Is 24 a factor of 8328?
True
Is 1270 a multiple of 10?
True
Does 60 divide 4257?
False
Is 10 a factor of 663?
False
Does 197 divide 2340?
False
Is 27 a factor of 5747?
False
Does 66 divide 846?
False
Does 10 divide 128?
False
Does 68 divide 37139?
False
Is 15 a factor of 541?
False
Is 2919 a multiple of 28?
False
Is 3 a factor of 5194?
False
Is 51 a factor of 1990?
False
Is 58 a factor of 3886?
True
Is 64 a factor of 384?
True
Does 209 divide 17576?
False
Does 3 divide 2292?
True
Does 48 divide 8352?
True
Is 12 a factor of 656?
False
Is 9 a factor of 1302?
False
Is 4 a factor of 890?
False
Is 4960 a multiple of 8?
True
Is 14602 a multiple of 298?
True
Is 545 a multiple of 2?
False
Is 60 a factor of 2100?
True
Is 12 a factor of 6484?
False
Is 20 a factor of 1766?
False
Is 156 a factor of 3399?
False
Is 1755 a multiple of 15?
True
Is 2755 a multiple of 79?
False
Is 49 a factor of 3724?
True
Is 46 a factor of 1978?
True
Is 28 a factor of 5964?
True
Is 2925 a multiple of 45?
True
Is 10 a factor of 907?
False
Is 1573 a multiple of 121?
True
Is 5 a factor of 85?
True
Is 2623 a multiple of 61?
True
Does 58 divide 1334?
True
Does 112 divide 11990?
False
Is 3 a factor of 11730?
True
Is 10 a factor of 2040?
True
Is 5616 a multiple of 13?
True
Is 75 a factor of 4345?
False
Is 16 a factor of 740?
False
Is 51 a factor of 795?
False
Is 5759 a multiple of 66?
False
Is 14 a factor of 644?
True
Does 2 divide 153?
False
Does 84 divide 7072?
False
Is 2478 a multiple of 59?
True
Does 26 divide 3068?
True
Is 12 a factor of 81?
False
Is 56 a factor of 6560?
False
Does 24 divide 20758?
False
Is 5684 a multiple of 29?
True
Is 9 a factor of 1935?
True
Is 3742 a multiple of 33?
False
Is 45 a factor of 1467?
False
Does 135 divide 16555?
False
Does 16 divide 562?
False
Does 58 divide 174?
True
Is 30889 a multiple of 13?
False
Is 24 a factor of 12216?
True
Is 12 a factor of 288?
True
Does 56 divide 112?
True
Does 97 divide 5335?
True
Is 23 a factor of 335?
False
Does 107 divide 1819?
True
Is 5460 a multiple of 35?
True
Is 17 a factor of 221?
True
Is 88036 a multiple of 13?
True
Does 10 divide 7171?
False
Does 40 divide 2520?
True
Is 152 a factor of 5804?
False
Is 176 a multiple of 11?
True
Is 29 a factor of 8932?
True
Does 14 divide 1207?
False
Is 4 a factor of 268?
True
Is 71 a factor of 1562?
True
Does 20 divide 11778?
False
Is 2854 a multiple of 36?
False
Does 16 divide 288?
True
Is 50 a factor of 100?
True
Is 53 a factor of 1717?
False
Is 8 a factor of 119?
False
Is 1140 a multiple of 60?
True
Is 123 a factor of 1968?
True
Is 54 a factor of 9028?
False
Is 77979 a multiple of 63?
False
Is 11866 a multiple of 68?
False
Is 18 a factor of 2079?
False
Is 918 a multiple of 27?
True
Does 9 divide 830?
False
Is 28090 a multiple of 52?
False
Does 236 divide 33276?
True
Does 16 divide 2297?
False
Is 11 a factor of 20669?
True
Does 18 divide 828?
True
Is 12 a factor of 1860?
True
Is 135 a multiple of 15?
True
Does 9 divide 162?
True
Does 11 divide 251?
False
Is 2 a factor of 2?
True
Does 70 divide 50050?
True
Does 14 divide 1326?
False
Does 134 divide 31222?
True
Does 39 divide 156?
True
Is 18462 a multiple of 112?
False
Is 4089 a multiple of 29?
True
Is 11 a factor of 5830?
True
Is 88 a factor of 12584?
True
Is 160 a factor of 152251?
False
Is 42 a factor of 1596?
True
Does 20 divide 416?
False
Does 4 divide 8104?
True
Is 5 a factor of 11645?
True
Is 7725 a multiple of 46?
False
Does 7 divide 2088?
False
Does 10 divide 720?
True
Does 9 divide 4059?
True
Is 318 a multiple of 53?
True
Is 1682 a multiple of 36?
False
Does 18 divide 16946?
False
Does 16 divide 35003?
False
Does 7 divide 483?
True
Is 13390 a multiple of 4?
False
Is 528 a multiple of 12?
True
Does 17 divide 782?
True
Is 20 a factor of 1062?
False
Is 2860 a multiple of 52?
True
Is 28605 a multiple of 151?
False
Does 164 divide 21976?
True
Does 7 divide 22102?
False
Does 15 divide 1947?
False
Is 1276 a multiple of 20?
False
Is 103 a multiple of 9?
False
Is 1869 a multiple of 83?
False
Is 50 a factor of 40550?
True
Is 31885 a multiple of 35?
True
Is 126 a multiple of 19?
False
Is 41 a factor of 8200?
True
Is 1206 a multiple of 18?
True
Does 7 divide 22337?
True
Is 44 a factor of 61531?
False
Is 10745 a multiple of 35?
True
Does 87 divide 55941?
True
Does 21 divide 9905?
False
Does 3 divide 527?
F